2572 is divided by 35.
2
What is the remainder when 7053266 is divided by 48981?
2
Calculate the remainder when 2411655 is divided by 693.
15
Calculate the remainder when 3898744 is divided by 17.
15
What is the remainder when 323555 is divided by 1811?
1197
What is the remainder when 12542 is divided by 4172?
26
Calculate the remainder when 57252 is divided by 4067.
314
Calculate the remainder when 6844828 is divided by 10466.
64
Calculate the remainder when 716403 is divided by 358094.
215
Calculate the remainder when 9179654 is divided by 833.
827
What is the remainder when 2896443 is divided by 8698?
9
What is the remainder when 2370623 is divided by 80?
63
What is the remainder when 39028 is divided by 5726?
4672
What is the remainder when 459612 is divided by 79?
69
Calculate the remainder when 108349241 is divided by 27087300.
41
What is the remainder when 1202162 is divided by 29?
25
Calculate the remainder when 40013289 is divided by 2833.
2830
Calculate the remainder when 3731645 is divided by 121.
5
What is the remainder when 596386 is divided by 197?
67
What is the remainder when 607540 is divided by 15187?
60
Calculate the remainder when 481365 is divided by 160431.
72
Calculate the remainder when 53719 is divided by 23758.
6203
What is the remainder when 2465163 is divided by 2605?
833
Calculate the remainder when 17488 is divided by 1013.
267
Calculate the remainder when 133446 is divided by 85.
81
Calculate the remainder when 23390383 is divided by 1113819.
184
Calculate the remainder when 62638 is divided by 15173.
1946
What is the remainder when 1222056 is divided by 58?
54
What is the remainder when 144158 is divided by 72047?
64
Calculate the remainder when 4073194 is divided by 72735.
34
What is the remainder when 1101793 is divided by 367257?
22
What is the remainder when 2812412 is divided by 684?
488
What is the remainder when 107020574 is divided by 23?
10
Calculate the remainder when 6073464 is divided by 10.
4
What is the remainder when 2011953 is divided by 502961?
109
Calculate the remainder when 2689868 is divided by 76.
0
What is the remainder when 2359637 is divided by 589766?
573
What is the remainder when 550917 is divided by 183049?
1770
What is the remainder when 482907 is divided by 37024?
1595
Calculate the remainder when 68953 is divided by 12.
1
Calculate the remainder when 164260 is divided by 164219.
41
Calculate the remainder when 2766123 is divided by 2968.
2915
What is the remainder when 202943 is divided by 1439?
44
Calculate the remainder when 2439 is divided by 1563.
876
What is the remainder when 316121 is divided by 82?
11
What is the remainder when 1575931 is divided by 48?
43
What is the remainder when 43366178 is divided by 4819?
4816
Calculate the remainder when 21850281 is divided by 34.
11
Calculate the remainder when 19105 is divided by 6356.
37
What is the remainder when 64084 is divided by 7315?
5564
Calculate the remainder when 885614286 is divided by 5122.
5120
Calculate the remainder when 129313 is divided by 6803.
56
Calculate the remainder when 1878367 is divided by 715.
62
What is the remainder when 8790822 is divided by 465?
462
Calculate the remainder when 12502 is divided by 12460.
42
Calculate the remainder when 109942669 is divided by 196.
193
Calculate the remainder when 22099677 is divided by 491101.
132
What is the remainder when 3572596 is divided by 291?
280
What is the remainder when 66822557 is divided by 140?
137
What is the remainder when 94658 is divided by 3366?
410
Calculate the remainder when 529412 is divided by 65973.
1628
What is the remainder when 75778 is divided by 37602?
574
Calculate the remainder when 2581646 is divided by 1108.
6
Calculate the remainder when 725213 is divided by 226.
205
What is the remainder when 290877049 is divided by 63705?
19
Calculate the remainder when 8864458 is divided by 370.
368
What is the remainder when 1180620 is divided by 19352?
148
Calculate the remainder when 1294905 is divided by 159.
9
Calculate the remainder when 193204 is divided by 6360.
2404
Calculate the remainder when 141372130 is divided by 15.
10
Calculate the remainder when 555346 is divided by 9093.
673
Calculate the remainder when 43902 is divided by 18989.
5924
Calculate the remainder when 46761023 is divided by 124696.
23
Calculate the remainder when 610158 is divided by 3690.
1308
Calculate the remainder when 1660876 is divided by 276792.
124
Calculate the remainder when 468169 is divided by 2054.
1911
What is the remainder when 1108371 is divided by 701?
90
Calculate the remainder when 601520 is divided by 1429.
1340
Calculate the remainder when 427165 is divided by 499.
21
What is the remainder when 1047207 is divided by 261681?
483
What is the remainder when 6526601 is divided by 657?
620
What is the remainder when 159395354 is divided by 7302?
7298
Calculate the remainder when 74223967 is divided by 74223967.
0
Calculate the remainder when 240113 is divided by 14116.
141
Calculate the remainder when 132091260 is divided by 132.
48
What is the remainder when 81214 is divided by 22?
12
Calculate the remainder when 1072509249 is divided by 12.
9
What is the remainder when 1728219 is divided by 170?
169
What is the remainder when 10721030 is divided by 3573619?
173
Calculate the remainder when 117467416 is divided by 9011.
20
What is the remainder when 190148186 is divided by 1225?
11
What is the remainder when 80462612 is divided by 33?
32
Calculate the remainder when 63723 is divided by 8797.
2144
What is the remainder when 7147504 is divided by 72?
64
Calculate the remainder when 345953 is divided by 175.
153
Calculate the remainder when 7169878 is divided by 1058.
870
Calculate the remainder when 10171866 is divided by 175.
166
Calculate the remainder when 151968 is divided by 245.
68
What is the remainder when 4797318 is divided by 1599102?
12
Calculate the remainder when 104229943 is divided by 15.
13
What is the remainder when 469530 is divided by 2426?
1312
What is the remainder when 11723591 is divided by 1019?
1015
Calculate the remainder when 3910209 is divided by 977550.
9
What is the remainder when 16545 is divided by 7304?
1937
Calculate the remainder when 685680 is divided by 1447.
1249
What is the remainder when 205818 is divided by 17130?
258
What is the remainder when 18188811 is divided by 865?
456
Calculate the remainder when 3046259 is divided by 10726.
75
What is the remainder when 1756005 is divided by 200?
5
What is the remainder when 243662 is divided by 1766?
1720
Calculate the remainder when 9226698 is divided by 604.
598
Calculate the remainder when 1081150 is divided by 2120.
2070
Calculate the remainder when 627209 is divided by 5345.
1844
What is the remainder when 245555 is divided by 2695?
310
Calculate the remainder when 8345167 is divided by 22801.
1
Calculate the remainder when 1560855 is divided by 780415.
25
Calculate the remainder when 207710061 is divided by 2227.
2225
What is the remainder when 1091199 is divided by 6089?
1268
Calculate the remainder when 15609852 is divided by 4547.
1
Calculate the remainder when 83105715 is divided by 539.
0
What is the remainder when 1064483 is divided by 361?
255
What is the remainder when 279835 is divided by 1686?
1645
Calculate the remainder when 39198574 is divided by 8.
6
Calculate the remainder when 773013 is divided by 12078.
21
What is the remainder when 78675 is divided by 1643?
1454
What is the remainder when 7748364 is divided by 2058?
2052
What is the remainder when 16477164 is divided by 1590?
1584
Calculate the remainder when 1863296 is divided by 6926.
202
Calculate the remainder when 21375950 is divided by 5098.
36
Calculate the remainder when 355677 is divided by 218.
119
Calculate the remainder when 55779 is divided by 581.
3
Calculate the remainder when 11627 is divided by 1934.
23
What is the remainder when 90278 is divided by 1855?
1238
What is the remainder when 18783145 is divided by 408329?
11
Calculate the remainder when 5576 is divided by 143.
142
Calculate the remainder when 26641684 is divided by 1110070.
4
Calculate the remainder when 383174 is divided by 127719.
17
What is the remainder when 4937069 is divided by 36?
29
What is the remainde